ultiple of 36?
False
Is 12 a factor of 8712?
True
Is 157 a multiple of 21?
False
Is 10483 a multiple of 15?
False
Is 254 even?
True
Is 38 a factor of 418?
True
Does 18 divide 270?
True
Does 16 divide 80?
True
Is 6331 a multiple of 33?
False
Is 10556 a multiple of 91?
True
Does 2 divide 1309?
False
Is 89 a multiple of 3?
False
Is 151 a factor of 43639?
True
Is 4667 a multiple of 9?
False
Is 215 a factor of 17059?
False
Is 200 a multiple of 8?
True
Is 1248 a multiple of 48?
True
Is 124704 a multiple of 288?
True
Is 8 a factor of 2084?
False
Is 11 a factor of 432?
False
Is 33 a factor of 1254?
True
Is 116 a factor of 1952?
False
Is 94 a factor of 2650?
False
Is 322 a multiple of 9?
False
Is 742 a multiple of 7?
True
Is 149 even?
False
Does 52 divide 260?
True
Is 432 a multiple of 4?
True
Does 2 divide 1526?
True
Is 1880 a multiple of 20?
True
Is 12945 a multiple of 79?
False
Does 8 divide 2305?
False
Is 84 a factor of 7476?
True
Is 27295 a multiple of 278?
False
Is 17 a factor of 105382?
False
Is 3567 a multiple of 123?
True
Is 43566 a multiple of 29?
False
Does 16 divide 2384?
True
Is 37332 a multiple of 10?
False
Is 5 a factor of 3365?
True
Does 3 divide 817?
False
Is 715 a multiple of 28?
False
Does 19 divide 3971?
True
Does 36 divide 2160?
True
Is 31 a factor of 243?
False
Is 3916 a multiple of 22?
True
Is 33 a factor of 53081?
False
Does 22 divide 396?
True
Is 47 a factor of 4888?
True
Is 51 a factor of 714?
True
Does 16 divide 2816?
True
Is 74 a factor of 740?
True
Does 4 divide 80?
True
Is 26203 a multiple of 18?
False
Is 8 a factor of 664?
True
Does 10 divide 710?
True
Is 870 a multiple of 15?
True
Does 74 divide 4366?
True
Does 17 divide 11730?
True
Is 54494 a multiple of 11?
True
Does 10 divide 171?
False
Does 225 divide 616?
False
Is 770 a multiple of 11?
True
Is 9343 a multiple of 6?
False
Is 7738 a multiple of 73?
True
Does 33 divide 10569?
False
Is 47520 a multiple of 30?
True
Is 11201 a multiple of 79?
False
Is 4 a factor of 246?
False
Is 93 a factor of 10475?
False
Is 23 a factor of 54096?
True
Does 15 divide 4635?
True
Is 57 a factor of 86070?
True
Is 10818 a multiple of 18?
True
Does 27 divide 40?
False
Is 288 a multiple of 9?
True
Is 30 a factor of 2137?
False
Is 39 a factor of 30336?
False
Does 41 divide 8610?
True
Is 5 a factor of 745?
True
Is 6 a factor of 90?
True
Does 18 divide 1240?
False
Does 3 divide 1123?
False
Is 1402 a multiple of 20?
False
Is 29 a factor of 1828?
False
Does 37 divide 10713?
False
Is 2927 a multiple of 36?
False
Is 3410 a multiple of 31?
True
Does 29 divide 10962?
True
Is 576 a multiple of 6?
True
Is 19 a factor of 20577?
True
Does 9 divide 28322?
False
Is 28477 a multiple of 122?
False
Is 19 a factor of 337?
False
Is 4293 a multiple of 9?
True
Is 20 a factor of 38480?
True
Is 404 a multiple of 6?
False
Does 13 divide 2364?
False
Is 14 a factor of 252?
True
Is 122 a factor of 1952?
True
Does 17 divide 289?
True
Is 67 a factor of 11518?
False
Is 16641 a multiple of 27?
False
Does 53 divide 621?
False
Is 9 a factor of 81?
True
Is 10 a factor of 972?
False
Does 70 divide 38077?
False
Is 32 a factor of 1152?
True
Is 13706 a multiple of 14?
True
Does 301 divide 54180?
True
Does 21 divide 420?
True
Is 25105 a multiple of 18?
False
Is 3871 a multiple of 7?
True
Is 12 a factor of 1857?
False
Does 2 divide 223?
False
Does 27 divide 1662?
False
Does 191 divide 67996?
True
Does 18 divide 612?
True
Is 8 a factor of 152?
True
Is 16 a factor of 1125?
False
Is 35 a factor of 4115?
False
Does 40 divide 12978?
False
Is 7265 a multiple of 15?
False
Does 14 divide 64?
False
Is 8271 a multiple of 27?
False
Does 17 divide 930?
False
Is 41784 a multiple of 156?
False
Is 336 a multiple of 28?
True
Is 47 a factor of 8977?
True
Is 24 a factor of 12984?
True
Does 40 divide 23320?
True
Does 16 divide 10672?
True
Is 672 a multiple of 21?
True
Does 17 divide 2985?
False
Does 37 divide 2590?
True
Does 29 divide 1355?
False
Does 9 divide 595?
False
Is 19 a factor of 603?
False
Does 18 divide 95?
False
Is 390 a multiple of 13?
True
Is 25403 a multiple of 32?
False
Does 62 divide 15269?
False
Does 10 divide 1251?
False
Is 543 a multiple of 5?
False
Is 4088 a multiple of 19?
False
Is 105 a multiple of 12?
False
Does 16 divide 7600?
True
Is 6308 a multiple of 11?
False
Is 13 a factor of 2085?
False
Is 48 a factor of 192?
True
Does 13 divide 5936?
False
Does 13 divide 91?
True
Does 6 divide 2826?
True
Does 7 divide 1176?
True
Is 1149 a multiple of 37?
False
Does 144 divide 2905?
False
Is 1887 a multiple of 111?
True
Is 31752 a multiple of 21?
True
Is 69 a factor of 4329?
False
Is 572 a multiple of 52?
True
Is 9471 a multiple of 41?
True
Is 2568 a multiple of 13?
False
Does 21 divide 6953?
False
Is 212 a factor of 11872?
True
Does 45 divide 38430?
True
Is 76 a factor of 11476?
True
Is 1206 a multiple of 25?
False
Does 10 divide 1500?
True
Does 22 divide 352?
True
Is 43 a factor of 806?
False
Is 20 a factor of 18140?
True
Is 8 a factor of 907?
False
Is 3 a factor of 274?
False
Is 4161 a multiple of 37?
False
Is 51 a factor of 1748?
False
Is 93366 a multiple of 19?
True
Is 148 a factor of 15096?
True
Does 39 divide 20553?
True
Is 74 a factor of 10832?
False
Is 12412 a multiple of 116?
True
Is 4394 a multiple of 26?
True
Is 8 a factor of 1772?
False
Is 316 a multiple of 79?
True
Is 28 a factor of 33852?
True
Does 6 divide 765?
False
Is 312 a factor of 170584?
False
Is 1993 a multiple of 28?
False
Is 31 a factor of 18044?
False
Is 24 a factor of 1243?
False
Is 1927 even?
False
Does 4 divide 228?
True
Is 9 a factor of 2886?
False
Is 21 a factor of 46347?
True
Is 21 a factor of 494?
False
Does 8 divide 576?
True
Is 231 a multiple of 7?
True
Does 5 divide 1275?
True
Is 688 a multiple of 19?
False
Does 34 divide 782?
True
Is 37229 a multiple of 34?
False
Is 104 a factor of 76328?
False
Is 7074 a multiple of 54?
True
Is 2 a factor of 1275?
False
Is 81 a factor of 36288?
True
Is 79 a factor of 5252?
False
Does 9 divide 2754?
True
Is 159 a factor of 1865?
False
Is 27 a factor of 10948?
False
Is 7 a factor of 1138?
False
Is 6909 a multiple of 21?
True
Is 2 a factor of 146?
True
Is 60 a factor of 4475?
False
Is 1242 a multiple of 18?
True
Is 5477 a multiple of 6?
False
Does 16 divide 3141?
False
Is 208 a multiple of 2?
True
Is 7 a factor of 147?
True
Does 6 divide 413?
False
Is 1224 a multiple of 9?
True
Does 26 divide 2366?
True
Is 17 a factor of 1734?
True
Is 46 a factor of 138?
True
Does 14 divide 348?
False
Is 30 a factor of 420?
True
Is 59 a factor of 7670?
True
Is 445 a multiple of 30?
False
Is 1032 a multiple of 113?
False
Is 2467 a multiple of 30?
False
Is 2044 a multiple of 190?
False
Is 34 a factor of 1156?
True
Is 1652 a multiple of 17?
False
Is 176 a multiple of 8?
True
Is 11 a factor of 20350?
True
Is 12 a factor of 169?
False
Is 4 a factor of 949?
False
Is 20681 a multiple of 33?
False
Is 1005 a multiple of 201?
True
Is 3186 a multiple of 4?
False
Does 35 divide 1645?
True
Does 42 divide 3576?
False
Is 756 a multiple of 42?
True
Is 10 a factor of 6589?
False
Is 63076 a multiple of 14?
False
Is 136 a multiple of 8?
True
Is 3264 a multiple of 32?
True
Is 2 a factor of 128?
True
Is 44 a factor of 625?
False
Is 1141 a multiple of 3?
False
Does 63 divide 2408?
False
Is 31066 a multiple of 98?
True
Does 10 divide 8410?
True
Is 23460 a multiple of 68?
True
Is 7 a factor of 4081?
True
Does 14 divide 36626?
False
Is 7 a factor of 519?
False
Does 26 divide 14578?
False
Is 67 a factor of 10612?
False
Is 4266 a multiple of 16?
False
Is 2895 a multiple of 4?
False
Does 2 divide 59?
False
Does 57 divide 24510?
True
Does 6 divide 2322?
True
Is 4278 a multiple of 31?
True
Is 4 a factor of 784?
True
Does 2 divide 80?
True
Does 23 divide 506?
True
Is 77 a factor of 40770?
False
Is 95 a factor of 14725?
True
Is 93 a factor of 1099?
False
Is 6633 a multiple of 131?
False
Does 8 divide 4712?
True
Is 6 a factor of 777?
False
Is 4 a factor of 149?
False
Is 76518 a multiple of 27?
True
Is 950 a multiple of 20?
False
Is 4118 a multiple of 26?
False
Is 16 a factor of 22528?
True
Does 185 divide 1945?
False
Is 12 a factor of 4572?
True
Is 1192 a multiple of 4?
True
Does 2 divide 156?
True
Does 2 divide 2?
True
Is 5874 a multiple of 33?
True
Does 27 divide 4